{"id":3610,"date":"2019-10-10T11:04:20","date_gmt":"2019-10-10T11:04:20","guid":{"rendered":"https:\/\/scoaladochia.ro\/?page_id=3610"},"modified":"2026-04-24T08:33:32","modified_gmt":"2026-04-24T08:33:32","slug":"documente","status":"publish","type":"page","link":"https:\/\/scoaladochia.ro\/?page_id=3610","title":{"rendered":"Informa\u021bii de interes public"},"content":{"rendered":"\t\t<div data-elementor-type=\"wp-post\" data-elementor-id=\"3610\" class=\"elementor elementor-3610\">\n\t\t\t\t\t\t<div class=\"elementor-inner\">\n\t\t\t\t<div class=\"elementor-section-wrap\">\n\t\t\t\t\t\t\t\t\t<section class=\"elementor-section elementor-top-section elementor-element elementor-element-c23d06b elementor-section-height-min-height elementor-section-content-middle elementor-section-full_width elementor-section-height-default elementor-section-items-middle\" data-id=\"c23d06b\" data-element_type=\"section\" data-settings=\"{&quot;background_background&quot;:&quot;classic&quot;}\">\n\t\t\t\t\t\t\t<div class=\"elementor-background-overlay\"><\/div>\n\t\t\t\t\t\t\t<div class=\"elementor-container elementor-column-gap-wider\">\n\t\t\t\t\t\t\t<div class=\"elementor-row\">\n\t\t\t\t\t<div class=\"elementor-column elementor-col-100 elementor-top-column elementor-element elementor-element-78bc85e\" data-id=\"78bc85e\" data-element_type=\"column\">\n\t\t\t<div class=\"elementor-column-wrap elementor-element-populated\">\n\t\t\t\t\t\t\t<div class=\"elementor-widget-wrap\">\n\t\t\t\t\t\t<div class=\"elementor-element elementor-element-35a7271 elementor-widget elementor-widget-text-editor\" data-id=\"35a7271\" data-element_type=\"widget\" data-widget_type=\"text-editor.default\">\n\t\t\t\t<div class=\"elementor-widget-container\">\n\t\t\t\t\t\t\t\t<div class=\"elementor-text-editor elementor-clearfix\">\n\t\t\t\t\t\t\t\t\t<\/div>\n\t\t\t\t\t\t<\/div>\n\t\t\t\t<\/div>\n\t\t\t\t<div class=\"elementor-element elementor-element-d990692 elementor-widget elementor-widget-heading\" data-id=\"d990692\" data-element_type=\"widget\" data-widget_type=\"heading.default\">\n\t\t\t\t<div class=\"elementor-widget-container\">\n\t\t\t<h2 class=\"elementor-heading-title elementor-size-small\">DOCUMENTE<\/h2>\t\t<\/div>\n\t\t\t\t<\/div>\n\t\t\t\t<div class=\"elementor-element elementor-element-046267d elementor-widget elementor-widget-text-editor\" data-id=\"046267d\" data-element_type=\"widget\" data-widget_type=\"text-editor.default\">\n\t\t\t\t<div class=\"elementor-widget-container\">\n\t\t\t\t\t\t\t\t<div class=\"elementor-text-editor elementor-clearfix\">\n\t\t\t\t<p><span style=\"font-family: Combo, sans-serif; font-size: 20px; font-style: normal; font-variant-ligatures: normal; font-variant-caps: normal; font-weight: 400; letter-spacing: 0.7px;\">\u201eEduca\u021bia este abilitatea de a asculta aproape orice, f\u0103r\u0103 a te m\u00e2nia \u0219i f\u0103r\u0103 a-\u021bi pierde \u00eencrederea\u201d<\/span><\/p>\t\t\t\t\t<\/div>\n\t\t\t\t\t\t<\/div>\n\t\t\t\t<\/div>\n\t\t\t\t<div class=\"elementor-element elementor-element-db979e0 elementor-widget elementor-widget-spacer\" data-id=\"db979e0\" data-element_type=\"widget\" data-widget_type=\"spacer.default\">\n\t\t\t\t<div class=\"elementor-widget-container\">\n\t\t\t\t\t<div class=\"elementor-spacer\">\n\t\t\t<div class=\"elementor-spacer-inner\"><\/div>\n\t\t<\/div>\n\t\t\t\t<\/div>\n\t\t\t\t<\/div>\n\t\t\t\t<div class=\"elementor-element elementor-element-dd40000 elementor-widget elementor-widget-text-editor\" data-id=\"dd40000\" data-element_type=\"widget\" data-widget_type=\"text-editor.default\">\n\t\t\t\t<div class=\"elementor-widget-container\">\n\t\t\t\t\t\t\t\t<div class=\"elementor-text-editor elementor-clearfix\">\n\t\t\t\t<p><span style=\"font-family: Abel, sans-serif; font-size: 20px; font-style: normal; font-variant-ligatures: normal; font-variant-caps: normal; font-weight: bold; letter-spacing: 0.7px;\">ROBERT FROST<\/span><\/p>\t\t\t\t\t<\/div>\n\t\t\t\t\t\t<\/div>\n\t\t\t\t<\/div>\n\t\t\t\t<div class=\"elementor-element elementor-element-07ec200 elementor-widget elementor-widget-text-editor\" data-id=\"07ec200\" data-element_type=\"widget\" data-widget_type=\"text-editor.default\">\n\t\t\t\t<div class=\"elementor-widget-container\">\n\t\t\t\t\t\t\t\t<div class=\"elementor-text-editor elementor-clearfix\">\n\t\t\t\t\t\t\t\t\t<\/div>\n\t\t\t\t\t\t<\/div>\n\t\t\t\t<\/div>\n\t\t\t\t<div class=\"elementor-element elementor-element-cbe3f62 elementor-widget elementor-widget-text-editor\" data-id=\"cbe3f62\" data-element_type=\"widget\" data-widget_type=\"text-editor.default\">\n\t\t\t\t<div class=\"elementor-widget-container\">\n\t\t\t\t\t\t\t\t<div class=\"elementor-text-editor elementor-clearfix\">\n\t\t\t\t\t\t\t\t\t<\/div>\n\t\t\t\t\t\t<\/div>\n\t\t\t\t<\/div>\n\t\t\t\t\t\t<\/div>\n\t\t\t\t\t<\/div>\n\t\t<\/div>\n\t\t\t\t\t\t\t\t<\/div>\n\t\t\t\t\t<\/div>\n\t\t<\/section>\n\t\t\t\t<section class=\"elementor-section elementor-top-section elementor-element elementor-element-2970d75 elementor-section-boxed elementor-section-height-default elementor-section-height-default\" data-id=\"2970d75\" data-element_type=\"section\">\n\t\t\t\t\t\t<div class=\"elementor-container elementor-column-gap-default\">\n\t\t\t\t\t\t\t<div class=\"elementor-row\">\n\t\t\t\t\t<div class=\"elementor-column elementor-col-100 elementor-top-column elementor-element elementor-element-01b8203\" data-id=\"01b8203\" data-element_type=\"column\">\n\t\t\t<div class=\"elementor-column-wrap\">\n\t\t\t\t\t\t\t<div class=\"elementor-widget-wrap\">\n\t\t\t\t\t\t\t\t<\/div>\n\t\t\t\t\t<\/div>\n\t\t<\/div>\n\t\t\t\t\t\t\t\t<\/div>\n\t\t\t\t\t<\/div>\n\t\t<\/section>\n\t\t\t\t<section class=\"elementor-section elementor-top-section elementor-element elementor-element-3ece9ff elementor-section-boxed elementor-section-height-default elementor-section-height-default\" data-id=\"3ece9ff\" data-element_type=\"section\">\n\t\t\t\t\t\t<div class=\"elementor-container elementor-column-gap-default\">\n\t\t\t\t\t\t\t<div class=\"elementor-row\">\n\t\t\t\t\t<div class=\"elementor-column elementor-col-33 elementor-top-column elementor-element elementor-element-23af06f\" data-id=\"23af06f\" data-element_type=\"column\">\n\t\t\t<div class=\"elementor-column-wrap elementor-element-populated\">\n\t\t\t\t\t\t\t<div class=\"elementor-widget-wrap\">\n\t\t\t\t\t\t<div class=\"elementor-element elementor-element-1b0af20 elementor-widget elementor-widget-image\" data-id=\"1b0af20\" data-element_type=\"widget\" data-widget_type=\"image.default\">\n\t\t\t\t<div class=\"elementor-widget-container\">\n\t\t\t\t\t\t\t\t<div class=\"elementor-image\">\n\t\t\t\t\t\t\t\t\t\t\t\t<img loading=\"lazy\" decoding=\"async\" width=\"128\" height=\"128\" src=\"https:\/\/scoaladochia.ro\/wp-content\/uploads\/2019\/05\/1470399656_Branding.png\" class=\"attachment-large size-large wp-image-3103\" alt=\"\" \/>\t\t\t\t\t\t\t\t\t\t\t\t\t\t<\/div>\n\t\t\t\t\t\t<\/div>\n\t\t\t\t<\/div>\n\t\t\t\t\t\t<\/div>\n\t\t\t\t\t<\/div>\n\t\t<\/div>\n\t\t\t\t<div class=\"elementor-column elementor-col-33 elementor-top-column elementor-element elementor-element-17f1ca5\" data-id=\"17f1ca5\" data-element_type=\"column\">\n\t\t\t<div class=\"elementor-column-wrap elementor-element-populated\">\n\t\t\t\t\t\t\t<div class=\"elementor-widget-wrap\">\n\t\t\t\t\t\t<div class=\"elementor-element elementor-element-1c5b20b elementor-widget-divider--view-line elementor-widget elementor-widget-divider\" data-id=\"1c5b20b\" data-element_type=\"widget\" data-widget_type=\"divider.default\">\n\t\t\t\t<div class=\"elementor-widget-container\">\n\t\t\t\t\t<div class=\"elementor-divider\">\n\t\t\t<span class=\"elementor-divider-separator\">\n\t\t\t\t\t\t<\/span>\n\t\t<\/div>\n\t\t\t\t<\/div>\n\t\t\t\t<\/div>\n\t\t\t\t<div class=\"elementor-element elementor-element-2efc3a3 elementor-widget elementor-widget-text-editor\" data-id=\"2efc3a3\" data-element_type=\"widget\" data-widget_type=\"text-editor.default\">\n\t\t\t\t<div class=\"elementor-widget-container\">\n\t\t\t\t\t\t\t\t<div class=\"elementor-text-editor elementor-clearfix\">\n\t\t\t\t<p><strong><a href=\"https:\/\/scoaladochia.ro\/?page_id=4610\">AFIS PROIECT<\/a><\/strong><\/p><p><span style=\"font-family: 'times new roman', times; font-size: 14pt;\"><strong><a href=\"https:\/\/scoaladochia.ro\/?p=4593\">Transparenta salariala la <span style=\"font-family: georgia, palatino;\">31.03.2026<\/span><\/a><\/strong><\/span><\/p><p><span style=\"font-size: 14pt;\"><strong><a href=\"https:\/\/scoaladochia.ro\/?p=4541\">Situatia drepturilor salariale la 30.09.2025<\/a><\/strong><\/span><\/p><h3><a href=\"https:\/\/scoaladochia.ro\/?p=4514\">ROI DOCHIA 2024-2025<\/a>\u00a0<\/h3><h3><a href=\"https:\/\/scoaladochia.ro\/?p=4494\">Inscriere clasa pregatitoare 2024-2025<\/a><\/h3><h3><a href=\"https:\/\/scoaladochia.ro\/wp-content\/uploads\/2024\/10\/Scoala-Dochia-transparenta-salariala.pdf\">Transparenta salariala la 31.03.2025<\/a><\/h3><h3><a href=\"https:\/\/scoaladochia.ro\/wp-content\/uploads\/2024\/04\/Scoala-Dochia-Stat-de-functii-.pdf\">Scoala Dochia-Stat de functii<\/a><\/h3><h3><a href=\"https:\/\/scoaladochia.ro\/wp-content\/uploads\/2023\/10\/Scoala-Dochia-stat-personal.pdf\">Salarii la 30.09.2023<\/a><\/h3><h3>https:\/\/scoaladochia.ro\/wp-content\/uploads\/2023\/10\/Scoala-Dochia-stat-personal.pdf<\/h3><h3><a href=\"https:\/\/scoaladochia.ro\/wp-content\/uploads\/2023\/03\/Afis-1.pdf\">Afis<\/a><\/h3><h3><a href=\"https:\/\/scoaladochia.ro\/wp-content\/uploads\/2023\/03\/Circumscriptii-scoalare-an-scolar-2023-2024-inscriere-invatamant-primar_Redacted.pdf\">Circumscriptii-scoalare-an-scolar-2023-2024-inscriere-invatamant-primar_Redacted<\/a><\/h3><h3><a href=\"https:\/\/scoaladochia.ro\/wp-content\/uploads\/2023\/03\/MACHETA-Situatie-salarii-pt-site-2023.pdf\">MACHETA Situatie salarii pt site-2023<\/a><\/h3><h3><a href=\"https:\/\/scoaladochia.ro\/wp-content\/uploads\/2022\/11\/Comunicat-de-presa.docx\">Comunicat de presa<\/a><\/h3><h3><a href=\"https:\/\/scoaladochia.ro\/wp-content\/uploads\/2022\/11\/Anunt-scoatere-la-concurs.docx\">Anunt scoatere la concurs<\/a><\/h3><h3><a href=\"https:\/\/scoaladochia.ro\/wp-content\/uploads\/2022\/09\/MACHETA-Situatie-salarii-pt-site.xls\">MACHETA Situatie salarii<\/a><\/h3><h3><a href=\"https:\/\/scoaladochia.ro\/wp-content\/uploads\/2022\/05\/OM-5142_Calendar-admitere-INVATAMANT-PROFESIONAL.pdf\">OM-5142_Calendar-admitere-INVATAMANT-PROFESIONAL<\/a><\/h3><h3><a href=\"https:\/\/scoaladochia.ro\/wp-content\/uploads\/2022\/05\/OM-5150_Anexa-1_CALENDAR-ADMITERE-LICEU.pdf\">OM-5150_Anexa-1_CALENDAR-ADMITERE-LICEU<\/a> <a href=\"https:\/\/scoaladochia.ro\/wp-content\/uploads\/2022\/05\/Scoala-Dochia-grafic.pdf\">Scoala Dochia-grafic<\/a><\/h3><h3><a href=\"https:\/\/scoaladochia.ro\/wp-content\/uploads\/2022\/05\/OM-5068_Metodologia-admiterii-INVATAMANT-PROFESIONAL.pdf\">OM-5068_Metodologia-admiterii-INVATAMANT-PROFESIONAL<\/a><\/h3><h3><a href=\"https:\/\/scoaladochia.ro\/wp-content\/uploads\/2022\/05\/OM-4802_Metodologie-admitere-LICEU-1.pdf\">OM-4802_Metodologie-admitere-LICEU<\/a><\/h3><h3><a href=\"https:\/\/scoaladochia.ro\/wp-content\/uploads\/2022\/03\/Calendarul-inscrierii-in-invatamantului-primar-pentru-anul-scolar-2022-2023.pdf\">Calendarul \u00eenscrierii \u00een \u00eenv\u0103\u021b\u0103m\u00e2ntului primar pentru anul \u0219colar 2022-2023<\/a><\/h3><h3><a href=\"https:\/\/scoaladochia.ro\/wp-content\/uploads\/2022\/03\/Lista-functiilor-din-cadrul-Scolii-Gimnaziale-Nr.1-Dochia-ce-intra-in-categoria-personalului-platit-din-fonduri-publice.xls\">Lista functiilor din cadrul \u0218colii Gimn. Nr.1, Dochia ce intra in categoria personalului platit din fonduri publice<\/a><\/h3><h3><a href=\"https:\/\/scoaladochia.ro\/wp-content\/uploads\/2022\/03\/Metodologia-de-inscriere-a-copiilor-in-invatamantul-primar-2022-2023.pdf\">Metodologia de inscriere a copiilor in invatamantul primar 2022-2023<\/a><\/h3><h3><a href=\"https:\/\/scoaladochia.ro\/wp-content\/uploads\/2022\/03\/SKMBT_C36022012710490.pdf\">ORDIN Nr.3054\/2022: Organizarea simularii evaluarii nationale, clasa a VIII &#8211; a<\/a><\/h3><h3><a style=\"font-size: 18px; font-weight: 600; background-color: #ffffff;\" href=\"https:\/\/scoaladochia.ro\/wp-content\/uploads\/2021\/12\/Anunt-angaj.-bibliotecar.pdf\" rel=\"noopener\">Anun\u021b angajare BIBLIOTECAR<\/a><\/h3><h3><a style=\"font-size: 18px; font-weight: 600; background-color: #ffffff;\" href=\"https:\/\/scoaladochia.ro\/wp-content\/uploads\/2021\/12\/Anunt-angaj.-administrator.pdf\" rel=\"noopener\">Anun\u021b angajare ADMINISTRATOR<\/a><\/h3><h3><a href=\"https:\/\/scoaladochia.ro\/wp-content\/uploads\/2020\/09\/Persoane-vaccinate-impotriva-COVID-19-.docx\" target=\"_blank\" rel=\"noopener\">Persoane vaccinate impotriva COVID 19<\/a><\/h3><h3><span style=\"font-size: 14pt;\"><a href=\"https:\/\/scoaladochia.ro\/wp-content\/uploads\/2021\/09\/Raport-Stat-de-Personal-pe-niveluri-de-\u00eenv\u0103\u0163\u0103m\u00e2nt-converted.pdf\"><span style=\"font-family: georgia, palatino;\"> Personal pe niveluri de \u00eenv\u0103\u0163\u0103m\u00e2nt<\/span><\/a><\/span><\/h3><h3><a href=\"https:\/\/scoaladochia.ro\/wp-content\/uploads\/2021\/06\/SKMBT_C36021053114512.pdf\">Promovarea ofertei educationale pentru licee si scoli profesionale<\/a><\/h3><h3><a href=\"https:\/\/www.edu.ro\/sites\/default\/files\/_fi%C8%99iere\/Legislatie\/2019\/OMECTS%205576%20DIN%2007.10.2011%20ACTUALIZAT%2020.09.2019.pdf\">ORDIN Nr. 5576\/2011: Acordarea burselor elevilor din \u00eenv\u0103\u0163\u0103m\u00e2ntul preuniversitar de stat<\/a><\/h3><h3><a href=\"https:\/\/scoaladochia.ro\/wp-content\/uploads\/2021\/03\/Scoala-Dochia-Raport-stat-de-func\u0163ii-la-data-31.03.2021.pdf\">Scoala Dochia- Raport stat de func\u0163ii la data 31.03.2021<\/a><\/h3><h3><a href=\"https:\/\/scoaladochia.ro\/wp-content\/uploads\/2021\/03\/Anexa-1-Metodologie-inscriere-invatamant-primar-2021_2022.pdf\">ANEXA1: <\/a><a href=\"https:\/\/scoaladochia.ro\/wp-content\/uploads\/2021\/03\/Anexa-1-Metodologie-inscriere-invatamant-primar-2021_2022.pdf\">Metodologia de \u00eenscriere \u00een \u00eenvatamantul primar:\u00a0 2021-2022<\/a><\/h3><h3><a href=\"https:\/\/scoaladochia.ro\/wp-content\/uploads\/2021\/03\/Anexa-2-Calendar_inscriere_primar_2021_2022.pdf\">ANEXA2: Calendarul \u00eenscrierii \u00een \u00eenvatamantul primar. An scolar 2021-2022<\/a><\/h3><h3><a href=\"https:\/\/scoaladochia.ro\/wp-content\/uploads\/2020\/04\/Scoala-Dochia-Raport-Stat-de-Func\u0163ii-la-luna-02.2020.xlsx\">Raport Stat de Func\u0163ii la luna 02.2020<\/a><\/h3><h3><strong><a href=\"https:\/\/scoaladochia.ro\/wp-content\/uploads\/2019\/10\/Raport-Stat-de-Func%C5%A3ii.xlsx\">Raport Stat de Func\u0163ii 09.2019<\/a><\/strong><\/h3><h3><a href=\"https:\/\/scoaladochia.ro\/wp-content\/uploads\/2019\/10\/Raportul-anual-asupra-calit%C4%83%C8%9Bii-%C3%AEn-educa%C8%9Bie-2018-2019.pdf\"><strong>Raportul anual asupra calit\u0103\u021bii \u00een educa\u021bie<\/strong>\u00a0<strong>2018-2019<\/strong><\/a><\/h3><h3>\u00a0<\/h3><div>\u00a0<\/div><div>\u00a0<\/div>\t\t\t\t\t<\/div>\n\t\t\t\t\t\t<\/div>\n\t\t\t\t<\/div>\n\t\t\t\t\t\t<\/div>\n\t\t\t\t\t<\/div>\n\t\t<\/div>\n\t\t\t\t<div class=\"elementor-column elementor-col-33 elementor-top-column elementor-element elementor-element-ef6601b\" data-id=\"ef6601b\" data-element_type=\"column\">\n\t\t\t<div class=\"elementor-column-wrap elementor-element-populated\">\n\t\t\t\t\t\t\t<div class=\"elementor-widget-wrap\">\n\t\t\t\t\t\t<div class=\"elementor-element elementor-element-25dddda elementor-widget elementor-widget-image\" data-id=\"25dddda\" data-element_type=\"widget\" data-widget_type=\"image.default\">\n\t\t\t\t<div class=\"elementor-widget-container\">\n\t\t\t\t\t\t\t\t<div class=\"elementor-image\">\n\t\t\t\t\t\t\t\t\t\t\t\t<img loading=\"lazy\" decoding=\"async\" width=\"128\" height=\"128\" src=\"https:\/\/scoaladochia.ro\/wp-content\/uploads\/2019\/05\/1470399662_Marketing.png\" class=\"attachment-large size-large wp-image-3098\" alt=\"\" \/>\t\t\t\t\t\t\t\t\t\t\t\t\t\t<\/div>\n\t\t\t\t\t\t<\/div>\n\t\t\t\t<\/div>\n\t\t\t\t\t\t<\/div>\n\t\t\t\t\t<\/div>\n\t\t<\/div>\n\t\t\t\t\t\t\t\t<\/div>\n\t\t\t\t\t<\/div>\n\t\t<\/section>\n\t\t\t\t<section class=\"elementor-section elementor-top-section elementor-element elementor-element-0a246f0 elementor-section-boxed elementor-section-height-default elementor-section-height-default\" data-id=\"0a246f0\" data-element_type=\"section\">\n\t\t\t\t\t\t<div class=\"elementor-container elementor-column-gap-default\">\n\t\t\t\t\t\t\t<div class=\"elementor-row\">\n\t\t\t\t\t<div class=\"elementor-column elementor-col-100 elementor-top-column elementor-element elementor-element-56b19bc\" data-id=\"56b19bc\" data-element_type=\"column\">\n\t\t\t<div class=\"elementor-column-wrap elementor-element-populated\">\n\t\t\t\t\t\t\t<div class=\"elementor-widget-wrap\">\n\t\t\t\t\t\t<div class=\"elementor-element elementor-element-086720a elementor-widget elementor-widget-spacer\" data-id=\"086720a\" data-element_type=\"widget\" data-widget_type=\"spacer.default\">\n\t\t\t\t<div class=\"elementor-widget-container\">\n\t\t\t\t\t<div class=\"elementor-spacer\">\n\t\t\t<div class=\"elementor-spacer-inner\"><\/div>\n\t\t<\/div>\n\t\t\t\t<\/div>\n\t\t\t\t<\/div>\n\t\t\t\t\t\t<\/div>\n\t\t\t\t\t<\/div>\n\t\t<\/div>\n\t\t\t\t\t\t\t\t<\/div>\n\t\t\t\t\t<\/div>\n\t\t<\/section>\n\t\t\t\t<section class=\"elementor-section elementor-top-section elementor-element elementor-element-b9bbfb8 elementor-section-boxed elementor-section-height-default elementor-section-height-default\" data-id=\"b9bbfb8\" data-element_type=\"section\">\n\t\t\t\t\t\t<div class=\"elementor-container elementor-column-gap-default\">\n\t\t\t\t\t\t\t<div class=\"elementor-row\">\n\t\t\t\t\t<div class=\"elementor-column elementor-col-100 elementor-top-column elementor-element elementor-element-5cd3152\" data-id=\"5cd3152\" data-element_type=\"column\">\n\t\t\t<div class=\"elementor-column-wrap elementor-element-populated\">\n\t\t\t\t\t\t\t<div class=\"elementor-widget-wrap\">\n\t\t\t\t\t\t<div class=\"elementor-element elementor-element-4ac10d5 elementor-widget elementor-widget-spacer\" data-id=\"4ac10d5\" data-element_type=\"widget\" data-widget_type=\"spacer.default\">\n\t\t\t\t<div class=\"elementor-widget-container\">\n\t\t\t\t\t<div class=\"elementor-spacer\">\n\t\t\t<div class=\"elementor-spacer-inner\"><\/div>\n\t\t<\/div>\n\t\t\t\t<\/div>\n\t\t\t\t<\/div>\n\t\t\t\t\t\t<\/div>\n\t\t\t\t\t<\/div>\n\t\t<\/div>\n\t\t\t\t\t\t\t\t<\/div>\n\t\t\t\t\t<\/div>\n\t\t<\/section>\n\t\t\t\t<section class=\"elementor-section elementor-top-section elementor-element elementor-element-dbce2c5 elementor-section-boxed elementor-section-height-default elementor-section-height-default\" data-id=\"dbce2c5\" data-element_type=\"section\">\n\t\t\t\t\t\t<div class=\"elementor-container elementor-column-gap-default\">\n\t\t\t\t\t\t\t<div class=\"elementor-row\">\n\t\t\t\t\t<div class=\"elementor-column elementor-col-100 elementor-top-column elementor-element elementor-element-4036f1a\" data-id=\"4036f1a\" data-element_type=\"column\">\n\t\t\t<div class=\"elementor-column-wrap elementor-element-populated\">\n\t\t\t\t\t\t\t<div class=\"elementor-widget-wrap\">\n\t\t\t\t\t\t<div class=\"elementor-element elementor-element-fb5c32c elementor-widget elementor-widget-heading\" data-id=\"fb5c32c\" data-element_type=\"widget\" data-widget_type=\"heading.default\">\n\t\t\t\t<div class=\"elementor-widget-container\">\n\t\t\t<h6 class=\"elementor-heading-title elementor-size-default\">\u00a9 C\u0103t\u0103lin Ciubotariu<\/h6>\t\t<\/div>\n\t\t\t\t<\/div>\n\t\t\t\t\t\t<\/div>\n\t\t\t\t\t<\/div>\n\t\t<\/div>\n\t\t\t\t\t\t\t\t<\/div>\n\t\t\t\t\t<\/div>\n\t\t<\/section>\n\t\t\t\t\t\t\t\t\t<\/div>\n\t\t\t<\/div>\n\t\t\t\t\t<\/div>\n\t\t","protected":false},"excerpt":{"rendered":"<p>DOCUMENTE \u201eEduca\u021bia este abilitatea de a asculta aproape orice, f\u0103r\u0103 a te m\u00e2nia \u0219i f\u0103r\u0103 a-\u021bi pierde \u00eencrederea\u201d ROBERT FROST AFIS PROIECT Transparenta salariala la 31.03.2026 Situatia drepturilor salariale la 30.09.2025 ROI DOCHIA 2024-2025\u00a0 Inscriere clasa pregatitoare 2024-2025 Transparenta salariala la 31.03.2025 Scoala Dochia-Stat de functii Salarii la 30.09.2023 https:\/\/scoaladochia.ro\/wp-content\/uploads\/2023\/10\/Scoala-Dochia-stat-personal.pdf Afis Circumscriptii-scoalare-an-scolar-2023-2024-inscriere-invatamant-primar_Redacted MACHETA Situatie salarii [&hellip;]<\/p>\n","protected":false},"author":1,"featured_media":0,"parent":0,"menu_order":0,"comment_status":"closed","ping_status":"closed","template":"elementor_canvas","meta":{"ngg_post_thumbnail":0,"footnotes":""},"class_list":["post-3610","page","type-page","status-publish","hentry","entry"],"_links":{"self":[{"href":"https:\/\/scoaladochia.ro\/index.php?rest_route=\/wp\/v2\/pages\/3610","targetHints":{"allow":["GET"]}}],"collection":[{"href":"https:\/\/scoaladochia.ro\/index.php?rest_route=\/wp\/v2\/pages"}],"about":[{"href":"https:\/\/scoaladochia.ro\/index.php?rest_route=\/wp\/v2\/types\/page"}],"author":[{"embeddable":true,"href":"https:\/\/scoaladochia.ro\/index.php?rest_route=\/wp\/v2\/users\/1"}],"replies":[{"embeddable":true,"href":"https:\/\/scoaladochia.ro\/index.php?rest_route=%2Fwp%2Fv2%2Fcomments&post=3610"}],"version-history":[{"count":262,"href":"https:\/\/scoaladochia.ro\/index.php?rest_route=\/wp\/v2\/pages\/3610\/revisions"}],"predecessor-version":[{"id":4616,"href":"https:\/\/scoaladochia.ro\/index.php?rest_route=\/wp\/v2\/pages\/3610\/revisions\/4616"}],"wp:attachment":[{"href":"https:\/\/scoaladochia.ro\/index.php?rest_route=%2Fwp%2Fv2%2Fmedia&parent=3610"}],"curies":[{"name":"wp","href":"https:\/\/api.w.org\/{rel}","templated":true}]}}