{"id":2719,"date":"2019-05-12T13:22:37","date_gmt":"2019-05-12T13:22:37","guid":{"rendered":"http:\/\/scoaladochia.ro\/?page_id=2719"},"modified":"2025-02-21T07:23:30","modified_gmt":"2025-02-21T07:23:30","slug":"album","status":"publish","type":"page","link":"https:\/\/scoaladochia.ro\/?page_id=2719","title":{"rendered":"Album"},"content":{"rendered":"\t\t<div data-elementor-type=\"wp-post\" data-elementor-id=\"2719\" class=\"elementor elementor-2719\">\n\t\t\t\t\t\t<div class=\"elementor-inner\">\n\t\t\t\t<div class=\"elementor-section-wrap\">\n\t\t\t\t\t\t\t\t\t<section class=\"elementor-section elementor-top-section elementor-element elementor-element-5314388 elementor-section-height-min-height elementor-section-content-middle elementor-section-full_width elementor-section-height-default elementor-section-items-middle\" data-id=\"5314388\" data-element_type=\"section\" data-settings=\"{&quot;background_background&quot;:&quot;classic&quot;}\">\n\t\t\t\t\t\t\t<div class=\"elementor-background-overlay\"><\/div>\n\t\t\t\t\t\t\t<div class=\"elementor-container elementor-column-gap-wider\">\n\t\t\t\t\t\t\t<div class=\"elementor-row\">\n\t\t\t\t\t<div class=\"elementor-column elementor-col-100 elementor-top-column elementor-element elementor-element-8cd1897\" data-id=\"8cd1897\" data-element_type=\"column\">\n\t\t\t<div class=\"elementor-column-wrap elementor-element-populated\">\n\t\t\t\t\t\t\t<div class=\"elementor-widget-wrap\">\n\t\t\t\t\t\t<div class=\"elementor-element elementor-element-3ccf69c elementor-widget elementor-widget-heading\" data-id=\"3ccf69c\" data-element_type=\"widget\" data-widget_type=\"heading.default\">\n\t\t\t\t<div class=\"elementor-widget-container\">\n\t\t\t<h2 class=\"elementor-heading-title elementor-size-default\">ALBUM<\/h2>\t\t<\/div>\n\t\t\t\t<\/div>\n\t\t\t\t<div class=\"elementor-element elementor-element-817dd80 elementor-widget elementor-widget-text-editor\" data-id=\"817dd80\" data-element_type=\"widget\" data-widget_type=\"text-editor.default\">\n\t\t\t\t<div class=\"elementor-widget-container\">\n\t\t\t\t\t\t\t\t<div class=\"elementor-text-editor elementor-clearfix\">\n\t\t\t\t<p>\u201cEduca\u021bia este ceea ce r\u0103m\u00e2ne dup\u0103 ce uit\u0103m ceea ce am \u00eenv\u0103\u021bat \u00een \u0219coal\u0103.\u201d<\/p>\t\t\t\t\t<\/div>\n\t\t\t\t\t\t<\/div>\n\t\t\t\t<\/div>\n\t\t\t\t<div class=\"elementor-element elementor-element-e71e9c1 elementor-widget elementor-widget-text-editor\" data-id=\"e71e9c1\" data-element_type=\"widget\" data-widget_type=\"text-editor.default\">\n\t\t\t\t<div class=\"elementor-widget-container\">\n\t\t\t\t\t\t\t\t<div class=\"elementor-text-editor elementor-clearfix\">\n\t\t\t\t\t\t\t\t\t<\/div>\n\t\t\t\t\t\t<\/div>\n\t\t\t\t<\/div>\n\t\t\t\t<div class=\"elementor-element elementor-element-4e2da26 elementor-widget elementor-widget-text-editor\" data-id=\"4e2da26\" data-element_type=\"widget\" data-widget_type=\"text-editor.default\">\n\t\t\t\t<div class=\"elementor-widget-container\">\n\t\t\t\t\t\t\t\t<div class=\"elementor-text-editor elementor-clearfix\">\n\t\t\t\t<p><span style=\"font-family: Abel, sans-serif; font-size: 20px; font-style: normal; font-variant-ligatures: normal; font-variant-caps: normal; font-weight: 400; letter-spacing: 0.7px;\">\u00a0 \u00a0 \u00a0 \u00a0 \u00a0 \u00a0 \u00a0 \u00a0 \u00a0 \u00a0 ALBERT EINSTEIN<\/span><\/p>\t\t\t\t\t<\/div>\n\t\t\t\t\t\t<\/div>\n\t\t\t\t<\/div>\n\t\t\t\t\t\t<\/div>\n\t\t\t\t\t<\/div>\n\t\t<\/div>\n\t\t\t\t\t\t\t\t<\/div>\n\t\t\t\t\t<\/div>\n\t\t<\/section>\n\t\t\t\t<section class=\"elementor-section elementor-top-section elementor-element elementor-element-65c30b84 elementor-section-boxed elementor-section-height-default elementor-section-height-default\" data-id=\"65c30b84\" data-element_type=\"section\">\n\t\t\t\t\t\t<div class=\"elementor-container elementor-column-gap-default\">\n\t\t\t\t\t\t\t<div class=\"elementor-row\">\n\t\t\t\t\t<div class=\"elementor-column elementor-col-100 elementor-top-column elementor-element elementor-element-5a5e3c11\" data-id=\"5a5e3c11\" data-element_type=\"column\">\n\t\t\t<div class=\"elementor-column-wrap elementor-element-populated\">\n\t\t\t\t\t\t\t<div class=\"elementor-widget-wrap\">\n\t\t\t\t\t\t<div class=\"elementor-element elementor-element-5ebe87d elementor-widget elementor-widget-text-editor\" data-id=\"5ebe87d\" data-element_type=\"widget\" data-widget_type=\"text-editor.default\">\n\t\t\t\t<div class=\"elementor-widget-container\">\n\t\t\t\t\t\t\t\t<div class=\"elementor-text-editor elementor-clearfix\">\n\t\t\t\t<p><div class=\"ngg-albumoverview default-view\">\n            <div class=\"ngg-album-compact\">\n            <div class=\"ngg-album-compactbox\">\n                <div class=\"ngg-album-link\">\n                                                                <a title='Promotia 2019'\n                       href='https:\/\/scoaladochia.ro\/index.php\/nggallery\/galerie-foto\/promotia-2019-1?page_id=2719'>\n                            <img decoding=\"async\" class=\"Thumb\"\n                                 alt=\"Promotia 2019\"\n                                 src=\"https:\/\/scoaladochia.ro\/wp-content\/gallery\/promotia-2019\/cache\/022.jpg-nggid03272-ngg0dyn-240x160x100-00f0w010c011r110f110r010t010.jpg\"\/>\n                        <\/a>\n                                                        <\/div>\n            <\/div>\n                        <h4>\n                <a class='ngg-album-desc' title='Promotia 2019'\n                       href='https:\/\/scoaladochia.ro\/index.php\/nggallery\/galerie-foto\/promotia-2019-1?page_id=2719'style=\"max-width: 260px\">Promotia 2019<\/a>\n            <\/h4>\n            <p class=\"ngg-album-gallery-image-counter\">\n                                    <strong>45<\/strong>&nbsp;Photos                            <\/p>\n        <\/div>\n            <div class=\"ngg-album-compact\">\n            <div class=\"ngg-album-compactbox\">\n                <div class=\"ngg-album-link\">\n                                                                <a title='2016.05 I Manastirea Secu - Cerc consilieri educativi'\n                       href='https:\/\/scoaladochia.ro\/index.php\/nggallery\/galerie-foto\/2016-05-i-manastirea-secu-cerc-consilieri-educativi?page_id=2719'>\n                            <img decoding=\"async\" class=\"Thumb\"\n                                 alt=\"2016.05 I Manastirea Secu - Cerc consilieri educativi\"\n                                 src=\"https:\/\/scoaladochia.ro\/wp-content\/gallery\/2016-05-i-manastireaa-secu-cerc-consilieri-educativi\/cache\/DSC_1765.jpg-nggid03224-ngg0dyn-240x160x100-00f0w010c011r110f110r010t010.jpg\"\/>\n                        <\/a>\n                                                        <\/div>\n            <\/div>\n                        <h4>\n                <a class='ngg-album-desc' title='2016.05 I Manastirea Secu - Cerc consilieri educativi'\n                       href='https:\/\/scoaladochia.ro\/index.php\/nggallery\/galerie-foto\/2016-05-i-manastirea-secu-cerc-consilieri-educativi?page_id=2719'style=\"max-width: 260px\">2016.05 I Manastirea Secu &#8211; Cerc consilieri educativi<\/a>\n            <\/h4>\n            <p class=\"ngg-album-gallery-image-counter\">\n                                    <strong>37<\/strong>&nbsp;Photos                            <\/p>\n        <\/div>\n            <div class=\"ngg-album-compact\">\n            <div class=\"ngg-album-compactbox\">\n                <div class=\"ngg-album-link\">\n                                                                <a title='2016.05 I Clasa a IV-a Activ Parc Negresti'\n                       href='https:\/\/scoaladochia.ro\/index.php\/nggallery\/galerie-foto\/2016-05-i-clasa-a-iv-a-activ-parc-negresti?page_id=2719'>\n                            <img decoding=\"async\" class=\"Thumb\"\n                                 alt=\"2016.05 I Clasa a IV-a Activ Parc Negresti\"\n                                 src=\"https:\/\/scoaladochia.ro\/wp-content\/gallery\/2016-05-i-clasa-a-iv-a-activ-parc-negresti\/cache\/DSC_9773.JPG-nggid03218-ngg0dyn-240x160x100-00f0w010c011r110f110r010t010.JPG\"\/>\n                        <\/a>\n                                                        <\/div>\n            <\/div>\n                        <h4>\n                <a class='ngg-album-desc' title='2016.05 I Clasa a IV-a Activ Parc Negresti'\n                       href='https:\/\/scoaladochia.ro\/index.php\/nggallery\/galerie-foto\/2016-05-i-clasa-a-iv-a-activ-parc-negresti?page_id=2719'style=\"max-width: 260px\">2016.05 I Clasa a IV-a Activ Parc Negresti<\/a>\n            <\/h4>\n            <p class=\"ngg-album-gallery-image-counter\">\n                                    <strong>20<\/strong>&nbsp;Photos                            <\/p>\n        <\/div>\n            <div class=\"ngg-album-compact\">\n            <div class=\"ngg-album-compactbox\">\n                <div class=\"ngg-album-link\">\n                                                                <a title='2015.09 I Consilier pt o zi'\n                       href='https:\/\/scoaladochia.ro\/index.php\/nggallery\/galerie-foto\/2015-09-i-consilier-pt-o-zi?page_id=2719'>\n                            <img decoding=\"async\" class=\"Thumb\"\n                                 alt=\"2015.09 I Consilier pt o zi\"\n                                 src=\"https:\/\/scoaladochia.ro\/wp-content\/gallery\/2015-09-i-consilier-pt-o-zi\/cache\/DSC_0869.JPG-nggid03179-ngg0dyn-240x160x100-00f0w010c011r110f110r010t010.JPG\"\/>\n                        <\/a>\n                                                        <\/div>\n            <\/div>\n                        <h4>\n                <a class='ngg-album-desc' title='2015.09 I Consilier pt o zi'\n                       href='https:\/\/scoaladochia.ro\/index.php\/nggallery\/galerie-foto\/2015-09-i-consilier-pt-o-zi?page_id=2719'style=\"max-width: 260px\">2015.09 I Consilier pt o zi<\/a>\n            <\/h4>\n            <p class=\"ngg-album-gallery-image-counter\">\n                                    <strong>21<\/strong>&nbsp;Photos                            <\/p>\n        <\/div>\n            <div class=\"ngg-album-compact\">\n            <div class=\"ngg-album-compactbox\">\n                <div class=\"ngg-album-link\">\n                                                                <a title='2015.04 I Concurs gastronomic. Scoli participante Dochia vs Vaduri vs Roznov'\n                       href='https:\/\/scoaladochia.ro\/index.php\/nggallery\/galerie-foto\/2015-04-i-concurs-gastronomic-scoli-participante-dochia-vs-vaduri-vs-roznov?page_id=2719'>\n                            <img decoding=\"async\" class=\"Thumb\"\n                                 alt=\"2015.04 I Concurs gastronomic. Scoli participante Dochia vs Vaduri vs Roznov\"\n                                 src=\"https:\/\/scoaladochia.ro\/wp-content\/gallery\/2015-04-i-concurs-gastronomic-scoli-participante-dochia-vs-vaduri-vs-roznov\/cache\/DSC_0568.JPG-nggid03165-ngg0dyn-240x160x100-00f0w010c011r110f110r010t010.JPG\"\/>\n                        <\/a>\n                                                        <\/div>\n            <\/div>\n                        <h4>\n                <a class='ngg-album-desc' title='2015.04 I Concurs gastronomic. Scoli participante Dochia vs Vaduri vs Roznov'\n                       href='https:\/\/scoaladochia.ro\/index.php\/nggallery\/galerie-foto\/2015-04-i-concurs-gastronomic-scoli-participante-dochia-vs-vaduri-vs-roznov?page_id=2719'style=\"max-width: 260px\">2015.04 I Concurs gastronomic. Scoli participante Dochia vs Vaduri vs Roznov<\/a>\n            <\/h4>\n            <p class=\"ngg-album-gallery-image-counter\">\n                                    <strong>16<\/strong>&nbsp;Photos                            <\/p>\n        <\/div>\n            <div class=\"ngg-album-compact\">\n            <div class=\"ngg-album-compactbox\">\n                <div class=\"ngg-album-link\">\n                                                                <a title='2014.04 I Parteneriat Scoala Dochia - Liceul Buzau'\n                       href='https:\/\/scoaladochia.ro\/index.php\/nggallery\/galerie-foto\/2014-04-i-parteneriat-scoala-dochia-liceul-buzau?page_id=2719'>\n                            <img decoding=\"async\" class=\"Thumb\"\n                                 alt=\"2014.04 I Parteneriat Scoala Dochia - Liceul Buzau\"\n                                 src=\"https:\/\/scoaladochia.ro\/wp-content\/gallery\/2014-04-i-parteneriat-scoala-dochia-liceul-buzau\/cache\/1_DSC_0529.JPG-nggid03265-ngg0dyn-240x160x100-00f0w010c011r110f110r010t010.JPG\"\/>\n                        <\/a>\n                                                        <\/div>\n            <\/div>\n                        <h4>\n                <a class='ngg-album-desc' title='2014.04 I Parteneriat Scoala Dochia - Liceul Buzau'\n                       href='https:\/\/scoaladochia.ro\/index.php\/nggallery\/galerie-foto\/2014-04-i-parteneriat-scoala-dochia-liceul-buzau?page_id=2719'style=\"max-width: 260px\">2014.04 I Parteneriat Scoala Dochia &#8211; Liceul Buzau<\/a>\n            <\/h4>\n            <p class=\"ngg-album-gallery-image-counter\">\n                                    <strong>36<\/strong>&nbsp;Photos                            <\/p>\n        <\/div>\n            <div class=\"ngg-album-compact\">\n            <div class=\"ngg-album-compactbox\">\n                <div class=\"ngg-album-link\">\n                                                                <a title='2013.06 I Belgium Scouts Visit'\n                       href='https:\/\/scoaladochia.ro\/index.php\/nggallery\/galerie-foto\/2013-06-i-belgium-scouts-visit?page_id=2719'>\n                            <img decoding=\"async\" class=\"Thumb\"\n                                 alt=\"2013.06 I Belgium Scouts Visit\"\n                                 src=\"https:\/\/scoaladochia.ro\/wp-content\/gallery\/2013-06-i-belgium-scouts-visit\/cache\/DSC_0150-2.JPG-nggid03263-ngg0dyn-240x160x100-00f0w010c011r110f110r010t010.JPG\"\/>\n                        <\/a>\n                                                        <\/div>\n            <\/div>\n                        <h4>\n                <a class='ngg-album-desc' title='2013.06 I Belgium Scouts Visit'\n                       href='https:\/\/scoaladochia.ro\/index.php\/nggallery\/galerie-foto\/2013-06-i-belgium-scouts-visit?page_id=2719'style=\"max-width: 260px\">2013.06 I Belgium Scouts Visit<\/a>\n            <\/h4>\n            <p class=\"ngg-album-gallery-image-counter\">\n                                    <strong>21<\/strong>&nbsp;Photos                            <\/p>\n        <\/div>\n            <div class=\"ngg-album-compact\">\n            <div class=\"ngg-album-compactbox\">\n                <div class=\"ngg-album-link\">\n                                                                <a title='Promotii elevi - Scoala Gimnaziala Nr. 1, Dochia'\n                       href='https:\/\/scoaladochia.ro\/index.php\/nggallery\/galerie-foto\/promotii-elevi-scoala-gimnaziala-nr-1-dochia?page_id=2719'>\n                            <img decoding=\"async\" class=\"Thumb\"\n                                 alt=\"Promotii elevi - Scoala Gimnaziala Nr. 1, Dochia\"\n                                 src=\"https:\/\/scoaladochia.ro\/wp-content\/gallery\/promotii-elevi-scoala-gimnaziala-nr-1-dochia\/cache\/2018.JPG-nggid03261-ngg0dyn-240x160x100-00f0w010c011r110f110r010t010.JPG\"\/>\n                        <\/a>\n                                                        <\/div>\n            <\/div>\n                        <h4>\n                <a class='ngg-album-desc' title='Promotii elevi - Scoala Gimnaziala Nr. 1, Dochia'\n                       href='https:\/\/scoaladochia.ro\/index.php\/nggallery\/galerie-foto\/promotii-elevi-scoala-gimnaziala-nr-1-dochia?page_id=2719'style=\"max-width: 260px\">Promotii elevi &#8211; Scoala Gimnaziala Nr. 1, Dochia<\/a>\n            <\/h4>\n            <p class=\"ngg-album-gallery-image-counter\">\n                                    <strong>7<\/strong>&nbsp;Photos                            <\/p>\n        <\/div>\n            <div class=\"ngg-album-compact\">\n            <div class=\"ngg-album-compactbox\">\n                <div class=\"ngg-album-link\">\n                                                                <a title='S.N.A.C. - Natura ne ajuta, sa o ajutam si noi pe ea!'\n                       href='https:\/\/scoaladochia.ro\/index.php\/nggallery\/galerie-foto\/s-n-a-c-natura-ne-ajuta-sa-o-ajutam-si-noi-pe-ea?page_id=2719'>\n                            <img decoding=\"async\" class=\"Thumb\"\n                                 alt=\"S.N.A.C. - Natura ne ajuta, sa o ajutam si noi pe ea!\"\n                                 src=\"https:\/\/scoaladochia.ro\/wp-content\/gallery\/s-n-a-c-natura-ne-ajuta-sa-o-ajutam-si-noi-pe-ea\/cache\/20191121_091547.jpg-nggid03314-ngg0dyn-240x160x100-00f0w010c011r110f110r010t010.jpg\"\/>\n                        <\/a>\n                                                        <\/div>\n            <\/div>\n                        <h4>\n                <a class='ngg-album-desc' title='S.N.A.C. - Natura ne ajuta, sa o ajutam si noi pe ea!'\n                       href='https:\/\/scoaladochia.ro\/index.php\/nggallery\/galerie-foto\/s-n-a-c-natura-ne-ajuta-sa-o-ajutam-si-noi-pe-ea?page_id=2719'style=\"max-width: 260px\">S.N.A.C. &#8211; Natura ne ajuta, sa o ajutam si noi pe ea!<\/a>\n            <\/h4>\n            <p class=\"ngg-album-gallery-image-counter\">\n                                    <strong>9<\/strong>&nbsp;Photos                            <\/p>\n        <\/div>\n            <div class=\"ngg-album-compact\">\n            <div class=\"ngg-album-compactbox\">\n                <div class=\"ngg-album-link\">\n                                                                <a title='Festivalul Podoleni \u201eMladitele Dochiene\u201d'\n                       href='https:\/\/scoaladochia.ro\/index.php\/nggallery\/galerie-foto\/festivalul-podoleni-mladitele-dochiene?page_id=2719'>\n                            <img decoding=\"async\" class=\"Thumb\"\n                                 alt=\"Festivalul Podoleni \u201eMladitele Dochiene\u201d\"\n                                 src=\"https:\/\/scoaladochia.ro\/wp-content\/gallery\/festivalul-podoleni-mladitele-dochiene\/cache\/20190927_134742.jpg-nggid03322-ngg0dyn-240x160x100-00f0w010c011r110f110r010t010.jpg\"\/>\n                        <\/a>\n                                                        <\/div>\n            <\/div>\n                        <h4>\n                <a class='ngg-album-desc' title='Festivalul Podoleni \u201eMladitele Dochiene\u201d'\n                       href='https:\/\/scoaladochia.ro\/index.php\/nggallery\/galerie-foto\/festivalul-podoleni-mladitele-dochiene?page_id=2719'style=\"max-width: 260px\">Festivalul Podoleni \u201eMladitele Dochiene\u201d<\/a>\n            <\/h4>\n            <p class=\"ngg-album-gallery-image-counter\">\n                                    <strong>3<\/strong>&nbsp;Photos                            <\/p>\n        <\/div>\n            <div class=\"ngg-album-compact\">\n            <div class=\"ngg-album-compactbox\">\n                <div class=\"ngg-album-link\">\n                                                                <a title='\u201eSaptamana legumelor si fructelor\u201d'\n                       href='https:\/\/scoaladochia.ro\/index.php\/nggallery\/galerie-foto\/saptamana-legumelor-si-fructelor-1?page_id=2719'>\n                            <img decoding=\"async\" class=\"Thumb\"\n                                 alt=\"\u201eSaptamana legumelor si fructelor\u201d\"\n                                 src=\"https:\/\/scoaladochia.ro\/wp-content\/gallery\/saptamana-legumelor-si-fructelor\/cache\/IMG-20191119-WA0043.jpg-nggid03327-ngg0dyn-240x160x100-00f0w010c011r110f110r010t010.jpg\"\/>\n                        <\/a>\n                                                        <\/div>\n            <\/div>\n                        <h4>\n                <a class='ngg-album-desc' title='\u201eSaptamana legumelor si fructelor\u201d'\n                       href='https:\/\/scoaladochia.ro\/index.php\/nggallery\/galerie-foto\/saptamana-legumelor-si-fructelor-1?page_id=2719'style=\"max-width: 260px\">\u201eSaptamana legumelor si fructelor\u201d<\/a>\n            <\/h4>\n            <p class=\"ngg-album-gallery-image-counter\">\n                                    <strong>5<\/strong>&nbsp;Photos                            <\/p>\n        <\/div>\n        <br class=\"ngg-clear\"\/>\n    <div class='ngg-clear'><\/div><\/div>\n<\/p>\t\t\t\t\t<\/div>\n\t\t\t\t\t\t<\/div>\n\t\t\t\t<\/div>\n\t\t\t\t\t\t<\/div>\n\t\t\t\t\t<\/div>\n\t\t<\/div>\n\t\t\t\t\t\t\t\t<\/div>\n\t\t\t\t\t<\/div>\n\t\t<\/section>\n\t\t\t\t<section class=\"elementor-section elementor-top-section elementor-element elementor-element-55f40d8 elementor-section-boxed elementor-section-height-default elementor-section-height-default\" data-id=\"55f40d8\" data-element_type=\"section\">\n\t\t\t\t\t\t<div class=\"elementor-container elementor-column-gap-default\">\n\t\t\t\t\t\t\t<div class=\"elementor-row\">\n\t\t\t\t\t<div class=\"elementor-column elementor-col-100 elementor-top-column elementor-element elementor-element-d11ca16\" data-id=\"d11ca16\" data-element_type=\"column\">\n\t\t\t<div class=\"elementor-column-wrap elementor-element-populated\">\n\t\t\t\t\t\t\t<div class=\"elementor-widget-wrap\">\n\t\t\t\t\t\t<div class=\"elementor-element elementor-element-37348d1 elementor-widget elementor-widget-spacer\" data-id=\"37348d1\" data-element_type=\"widget\" data-widget_type=\"spacer.default\">\n\t\t\t\t<div class=\"elementor-widget-container\">\n\t\t\t\t\t<div class=\"elementor-spacer\">\n\t\t\t<div class=\"elementor-spacer-inner\"><\/div>\n\t\t<\/div>\n\t\t\t\t<\/div>\n\t\t\t\t<\/div>\n\t\t\t\t\t\t<\/div>\n\t\t\t\t\t<\/div>\n\t\t<\/div>\n\t\t\t\t\t\t\t\t<\/div>\n\t\t\t\t\t<\/div>\n\t\t<\/section>\n\t\t\t\t<section class=\"elementor-section elementor-top-section elementor-element elementor-element-5012cc0 elementor-section-boxed elementor-section-height-default elementor-section-height-default\" data-id=\"5012cc0\" data-element_type=\"section\">\n\t\t\t\t\t\t<div class=\"elementor-container elementor-column-gap-default\">\n\t\t\t\t\t\t\t<div class=\"elementor-row\">\n\t\t\t\t\t<div class=\"elementor-column elementor-col-100 elementor-top-column elementor-element elementor-element-2e7e311\" data-id=\"2e7e311\" data-element_type=\"column\">\n\t\t\t<div class=\"elementor-column-wrap elementor-element-populated\">\n\t\t\t\t\t\t\t<div class=\"elementor-widget-wrap\">\n\t\t\t\t\t\t<div class=\"elementor-element elementor-element-b96666c elementor-widget elementor-widget-heading\" data-id=\"b96666c\" data-element_type=\"widget\" data-widget_type=\"heading.default\">\n\t\t\t\t<div class=\"elementor-widget-container\">\n\t\t\t<h6 class=\"elementor-heading-title elementor-size-default\">\u00a9 C\u0103t\u0103lin Ciubotariu<\/h6>\t\t<\/div>\n\t\t\t\t<\/div>\n\t\t\t\t\t\t<\/div>\n\t\t\t\t\t<\/div>\n\t\t<\/div>\n\t\t\t\t\t\t\t\t<\/div>\n\t\t\t\t\t<\/div>\n\t\t<\/section>\n\t\t\t\t\t\t\t\t\t<\/div>\n\t\t\t<\/div>\n\t\t\t\t\t<\/div>\n\t\t","protected":false},"excerpt":{"rendered":"<p>ALBUM \u201cEduca\u021bia este ceea ce r\u0103m\u00e2ne dup\u0103 ce uit\u0103m ceea ce am \u00eenv\u0103\u021bat \u00een \u0219coal\u0103.\u201d \u00a0 \u00a0 \u00a0 \u00a0 \u00a0 \u00a0 \u00a0 \u00a0 \u00a0 \u00a0 ALBERT EINSTEIN \u00a9 C\u0103t\u0103lin Ciubotariu<\/p>\n","protected":false},"author":1,"featured_media":0,"parent":0,"menu_order":0,"comment_status":"closed","ping_status":"closed","template":"","meta":{"ngg_post_thumbnail":0,"footnotes":""},"class_list":["post-2719","page","type-page","status-publish","hentry","entry"],"_links":{"self":[{"href":"https:\/\/scoaladochia.ro\/index.php?rest_route=\/wp\/v2\/pages\/2719","targetHints":{"allow":["GET"]}}],"collection":[{"href":"https:\/\/scoaladochia.ro\/index.php?rest_route=\/wp\/v2\/pages"}],"about":[{"href":"https:\/\/scoaladochia.ro\/index.php?rest_route=\/wp\/v2\/types\/page"}],"author":[{"embeddable":true,"href":"https:\/\/scoaladochia.ro\/index.php?rest_route=\/wp\/v2\/users\/1"}],"replies":[{"embeddable":true,"href":"https:\/\/scoaladochia.ro\/index.php?rest_route=%2Fwp%2Fv2%2Fcomments&post=2719"}],"version-history":[{"count":69,"href":"https:\/\/scoaladochia.ro\/index.php?rest_route=\/wp\/v2\/pages\/2719\/revisions"}],"predecessor-version":[{"id":4226,"href":"https:\/\/scoaladochia.ro\/index.php?rest_route=\/wp\/v2\/pages\/2719\/revisions\/4226"}],"wp:attachment":[{"href":"https:\/\/scoaladochia.ro\/index.php?rest_route=%2Fwp%2Fv2%2Fmedia&parent=2719"}],"curies":[{"name":"wp","href":"https:\/\/api.w.org\/{rel}","templated":true}]}}